{"id":48,"date":"2024-07-06T00:11:29","date_gmt":"2024-07-06T00:11:29","guid":{"rendered":"https:\/\/bairesone.com\/sitioweb\/?page_id=48"},"modified":"2024-11-05T16:30:05","modified_gmt":"2024-11-05T16:30:05","slug":"quienes-somos","status":"publish","type":"page","link":"https:\/\/bairesone.com\/sitioweb\/quienes-somos\/","title":{"rendered":"NOSOTROS"},"content":{"rendered":"\t\t<div data-elementor-type=\"wp-page\" data-elementor-id=\"48\" class=\"elementor elementor-48\">\n\t\t\t\t<div class=\"elementor-element elementor-element-3c5d6f6 elementor-hidden-mobile e-flex e-con-boxed e-con e-parent\" data-id=\"3c5d6f6\" data-element_type=\"container\" data-e-type=\"container\" data-settings=\"{&quot;background_background&quot;:&quot;classic&quot;}\">\n\t\t\t\t\t<div class=\"e-con-inner\">\n\t\t<div class=\"elementor-element elementor-element-a345ec4 e-con-full e-flex e-con e-child\" data-id=\"a345ec4\" data-element_type=\"container\" data-e-type=\"container\">\n\t\t\t\t<\/div>\n\t\t\t\t<div class=\"elementor-element elementor-element-ba87d04 elementor-widget elementor-widget-spacer\" data-id=\"ba87d04\" data-element_type=\"widget\" data-e-type=\"widget\" data-widget_type=\"spacer.default\">\n\t\t\t\t<div class=\"elementor-widget-container\">\n\t\t\t\t\t\t\t<div class=\"elementor-spacer\">\n\t\t\t<div class=\"elementor-spacer-inner\"><\/div>\n\t\t<\/div>\n\t\t\t\t\t\t<\/div>\n\t\t\t\t<\/div>\n\t\t\t\t\t<\/div>\n\t\t\t\t<\/div>\n\t\t<div class=\"elementor-element elementor-element-d050e14 elementor-hidden-desktop elementor-hidden-tablet e-flex e-con-boxed e-con e-parent\" data-id=\"d050e14\" data-element_type=\"container\" data-e-type=\"container\">\n\t\t\t\t\t<div class=\"e-con-inner\">\n\t\t\t\t<div class=\"elementor-element elementor-element-35db272 elementor-widget elementor-widget-image\" data-id=\"35db272\" data-element_type=\"widget\" data-e-type=\"widget\" data-widget_type=\"image.default\">\n\t\t\t\t<div class=\"elementor-widget-container\">\n\t\t\t\t\t\t\t\t\t\t\t\t\t\t\t<img fetchpriority=\"high\" decoding=\"async\" width=\"1732\" height=\"1155\" src=\"https:\/\/bairesone.com\/sitioweb\/wp-content\/uploads\/2024\/09\/imagen2_59-1.jpg\" class=\"attachment-full size-full wp-image-573\" alt=\"\" srcset=\"https:\/\/bairesone.com\/sitioweb\/wp-content\/uploads\/2024\/09\/imagen2_59-1.jpg 1732w, https:\/\/bairesone.com\/sitioweb\/wp-content\/uploads\/2024\/09\/imagen2_59-1-300x200.jpg 300w, https:\/\/bairesone.com\/sitioweb\/wp-content\/uploads\/2024\/09\/imagen2_59-1-1024x683.jpg 1024w, https:\/\/bairesone.com\/sitioweb\/wp-content\/uploads\/2024\/09\/imagen2_59-1-768x512.jpg 768w, https:\/\/bairesone.com\/sitioweb\/wp-content\/uploads\/2024\/09\/imagen2_59-1-1536x1024.jpg 1536w\" sizes=\"(max-width: 1732px) 100vw, 1732px\" \/>\t\t\t\t\t\t\t\t\t\t\t\t\t\t\t<\/div>\n\t\t\t\t<\/div>\n\t\t\t\t\t<\/div>\n\t\t\t\t<\/div>\n\t\t<div class=\"elementor-element elementor-element-2c5f031e e-flex e-con-boxed e-con e-parent\" data-id=\"2c5f031e\" data-element_type=\"container\" data-e-type=\"container\">\n\t\t\t\t\t<div class=\"e-con-inner\">\n\t\t<div class=\"elementor-element elementor-element-6afa35da e-con-full animated-slow e-flex elementor-invisible e-con e-child\" data-id=\"6afa35da\" data-element_type=\"container\" data-e-type=\"container\" data-settings=\"{&quot;animation&quot;:&quot;bounceInRight&quot;,&quot;animation_delay&quot;:300}\">\n\t\t\t\t<div class=\"elementor-element elementor-element-33e5e6eb elementor-widget elementor-widget-heading\" data-id=\"33e5e6eb\" data-element_type=\"widget\" data-e-type=\"widget\" data-widget_type=\"heading.default\">\n\t\t\t\t<div class=\"elementor-widget-container\">\n\t\t\t\t\t<h2 class=\"elementor-heading-title elementor-size-default\">Nosotros \/ About Us<\/h2>\t\t\t\t<\/div>\n\t\t\t\t<\/div>\n\t\t\t\t<\/div>\n\t\t\t\t\t<\/div>\n\t\t\t\t<\/div>\n\t\t<div class=\"elementor-element elementor-element-ee11fa2 e-grid e-con-boxed e-con e-parent\" data-id=\"ee11fa2\" data-element_type=\"container\" data-e-type=\"container\">\n\t\t\t\t\t<div class=\"e-con-inner\">\n\t\t\t\t<div class=\"elementor-element elementor-element-d546812 elementor-widget elementor-widget-text-editor\" data-id=\"d546812\" data-element_type=\"widget\" data-e-type=\"widget\" data-widget_type=\"text-editor.default\">\n\t\t\t\t<div class=\"elementor-widget-container\">\n\t\t\t\t\t\t\t\t\t<p>Baires One es una inmobiliaria y Asesor productor de seguros. Su Titular es Enrique Vignola, Licenciado en Econom\u00eda con muchos a\u00f1os de experiencia y dedicaci\u00f3n en los negocios de compra venta de propiedades. Como asesor en seguros de personas, patrimoniales y de negocios completa una oferta de servicios profesionales con el soporte de las principales Compa\u00f1\u00edas de Seguros de la Argentina. Ofrece una red de trabajo competente a quien busca invertir en propiedades y tener las mejores coberturas de seguros.<\/p>\t\t\t\t\t\t\t\t<\/div>\n\t\t\t\t<\/div>\n\t\t\t\t<div class=\"elementor-element elementor-element-2736b35 elementor-widget elementor-widget-text-editor\" data-id=\"2736b35\" data-element_type=\"widget\" data-e-type=\"widget\" data-widget_type=\"text-editor.default\">\n\t\t\t\t<div class=\"elementor-widget-container\">\n\t\t\t\t\t\t\t\t\t<p><img decoding=\"async\" class=\"alignnone size-full wp-image-605\" src=\"https:\/\/bairesone.com\/sitioweb\/wp-content\/uploads\/2024\/09\/bandera_ing.gif\" alt=\"\" width=\"11\" height=\"9\"> &#8211; Baires One is an Insurance Broker and Realtor of Argentina. This organization is managed by Enrique Vignola, Master in Economy, Licensed Realtor, who is capable to provide a complete and accurate information to conduct successfully real estate operations. In addition he offers personal, patrimony and corporative coverages with the support of the main Insurance Companies of Argentina<\/p>\t\t\t\t\t\t\t\t<\/div>\n\t\t\t\t<\/div>\n\t\t\t\t\t<\/div>\n\t\t\t\t<\/div>\n\t\t\t\t<\/div>\n\t\t","protected":false},"excerpt":{"rendered":"<p>Nosotros \/ About Us Baires One es una inmobiliaria y Asesor productor de seguros. Su Titular es Enrique Vignola, Licenciado [&hellip;]<\/p>\n","protected":false},"author":2,"featured_media":0,"parent":0,"menu_order":0,"comment_status":"closed","ping_status":"closed","template":"","meta":{"_seopress_robots_primary_cat":"","_seopress_titles_title":"","_seopress_titles_desc":"","_seopress_robots_index":"","site-sidebar-layout":"no-sidebar","site-content-layout":"","ast-site-content-layout":"full-width-container","site-content-style":"default","site-sidebar-style":"default","ast-global-header-display":"","ast-banner-title-visibility":"","ast-main-header-display":"","ast-hfb-above-header-display":"","ast-hfb-below-header-display":"","ast-hfb-mobile-header-display":"","site-post-title":"disabled","ast-breadcrumbs-content":"","ast-featured-img":"disabled","footer-sml-layout":"","theme-transparent-header-meta":"","adv-header-id-meta":"","stick-header-meta":"","header-above-stick-meta":"","header-main-stick-meta":"","header-below-stick-meta":"","astra-migrate-meta-layouts":"default","ast-page-background-enabled":"default","ast-page-background-meta":{"desktop":{"background-color":"var(--ast-global-color-4)","background-image":"","background-repeat":"repeat","background-position":"center center","background-size":"auto","background-attachment":"scroll","background-type":"","background-media":"","overlay-type":"","overlay-color":"","overlay-opacity":"","overlay-gradient":""},"tablet":{"background-color":"","background-image":"","background-repeat":"repeat","background-position":"center center","background-size":"auto","background-attachment":"scroll","background-type":"","background-media":"","overlay-type":"","overlay-color":"","overlay-opacity":"","overlay-gradient":""},"mobile":{"background-color":"","background-image":"","background-repeat":"repeat","background-position":"center center","background-size":"auto","background-attachment":"scroll","background-type":"","background-media":"","overlay-type":"","overlay-color":"","overlay-opacity":"","overlay-gradient":""}},"ast-content-background-meta":{"desktop":{"background-color":"var(--ast-global-color-5)","background-image":"","background-repeat":"repeat","background-position":"center center","background-size":"auto","background-attachment":"scroll","background-type":"","background-media":"","overlay-type":"","overlay-color":"","overlay-opacity":"","overlay-gradient":""},"tablet":{"background-color":"var(--ast-global-color-5)","background-image":"","background-repeat":"repeat","background-position":"center center","background-size":"auto","background-attachment":"scroll","background-type":"","background-media":"","overlay-type":"","overlay-color":"","overlay-opacity":"","overlay-gradient":""},"mobile":{"background-color":"var(--ast-global-color-5)","background-image":"","background-repeat":"repeat","background-position":"center center","background-size":"auto","background-attachment":"scroll","background-type":"","background-media":"","overlay-type":"","overlay-color":"","overlay-opacity":"","overlay-gradient":""}},"footnotes":""},"class_list":["post-48","page","type-page","status-publish","hentry"],"_links":{"self":[{"href":"https:\/\/bairesone.com\/sitioweb\/wp-json\/wp\/v2\/pages\/48"}],"collection":[{"href":"https:\/\/bairesone.com\/sitioweb\/wp-json\/wp\/v2\/pages"}],"about":[{"href":"https:\/\/bairesone.com\/sitioweb\/wp-json\/wp\/v2\/types\/page"}],"author":[{"embeddable":true,"href":"https:\/\/bairesone.com\/sitioweb\/wp-json\/wp\/v2\/users\/2"}],"replies":[{"embeddable":true,"href":"https:\/\/bairesone.com\/sitioweb\/wp-json\/wp\/v2\/comments?post=48"}],"version-history":[{"count":77,"href":"https:\/\/bairesone.com\/sitioweb\/wp-json\/wp\/v2\/pages\/48\/revisions"}],"predecessor-version":[{"id":1009,"href":"https:\/\/bairesone.com\/sitioweb\/wp-json\/wp\/v2\/pages\/48\/revisions\/1009"}],"wp:attachment":[{"href":"https:\/\/bairesone.com\/sitioweb\/wp-json\/wp\/v2\/media?parent=48"}],"curies":[{"name":"wp","href":"https:\/\/api.w.org\/{rel}","templated":true}]}}